{"id":43,"date":"2016-02-18T15:10:52","date_gmt":"2016-02-18T15:10:52","guid":{"rendered":"http:\/\/flatsome.dev\/?page_id=4041"},"modified":"2025-10-30T08:21:57","modified_gmt":"2025-10-30T08:21:57","slug":"simple-corporate","status":"publish","type":"page","link":"https:\/\/proteh.md\/","title":{"rendered":"Proteh-Agro SRL"},"content":{"rendered":"\n  <div id=\"page-header-1801585442\" class=\"page-header-wrapper\">\n  <div class=\"page-title dark divided-title\">\n\n        <div class=\"page-title-bg\">\n      <div class=\"title-bg fill bg-fill\"\n        data-parallax-container=\".page-title\"\n        data-parallax-background\n        data-parallax=\"-\">\n      <\/div>\n      <div class=\"title-overlay fill\"><\/div>\n    <\/div>\n    \n    <div class=\"page-title-inner container align-center text-center flex-row-col medium-flex-wrap\" >\n              <div class=\"title-wrapper is-large flex-col\">\n          <h1 class=\"entry-title mb-0\">\n            Solu\u021bii pentru agricultura conservativ\u0103          <\/h1>\n        <\/div>\n                    <div class=\"title-content flex-col\">\n        <div class=\"title-breadcrumbs pb-half pt-half\"><\/div>      <\/div>\n    <\/div>\n\n     \n<style>\n#page-header-1801585442 .page-title-inner {\n  min-height: 650px;\n}\n#page-header-1801585442 .title-bg {\n  background-image: url(https:\/\/proteh.md\/wp-content\/uploads\/2023\/02\/cover-site2-min-e1679941054253.png);\n}\n<\/style>\n  <\/div>\n  <div class=\"container header-wrapper-divider\"><hr\/><\/div>  <\/div>\n  \n\n<span class=\"scroll-to\" data-label=\"Scroll to: #certificate-carbon\" data-bullet=\"true\" data-link=\"#certificate-carbon\" data-title=\"certificate-carbon\" ><a name=\"certificate-carbon\"><\/a><\/span>\n\n\t<section class=\"section certificate-carbon\" id=\"section_113572929\">\n\t\t<div class=\"bg section-bg fill bg-fill  bg-loaded\" >\n\n\t\t\t\n\t\t\t\n\t\t\t\n\n\t\t<\/div>\n\n\t\t\n\n\t\t<div class=\"section-content relative\">\n\t\t\t\n\n<div class=\"row row-large row-full-width align-middle\"  id=\"row-1785299831\">\n\n\n\t<div id=\"col-1462208762\" class=\"col medium-5 small-12 large-5\"  >\n\t\t\t\t<div class=\"col-inner text-left\"  >\n\t\t\t\n\t\t\t\n\n\t<div id=\"text-1241903889\" class=\"text\">\n\t\t\n\n<h2><strong>Certificate de carbon<\/strong><\/h2>\n<p>Agricultura contribuie la \u2153 din emisiile globale de gaze cu efect de ser\u0103, iar adoptarea practicilor regenerative poate transforma solul \u00een rezervoare de carbon. Tranzi\u021bia implic\u0103 costuri, dar Proteh Agro SRL, partener oficial Agreena (Danemarca), ofer\u0103 certificate de carbon AgreenaCarbon pentru a sus\u021bine agricultura sustenabil\u0103 \u0219i sechestrarea carbonului.<\/p>\n\t\t\n<style>\n#text-1241903889 {\n  font-size: 0.75rem;\n  color: rgb(6, 33, 51);\n}\n#text-1241903889 > * {\n  color: rgb(6, 33, 51);\n}\n@media (min-width:550px) {\n  #text-1241903889 {\n    font-size: 0.95rem;\n  }\n}\n<\/style>\n\t<\/div>\n\t\n<a rel=\"noopener noreferrer\" href=\"https:\/\/gro.agreena.com\/register?utm_campaign=proteh\" target=\"_blank\" class=\"button primary is-outline lowercase\"  >\n    <span>Afl\u0103 mai mult<\/span>\n  <i class=\"icon-angle-right\" aria-hidden=\"true\" ><\/i><\/a>\n\n\n\n\t\t<\/div>\n\t\t\t\t\n<style>\n#col-1462208762 > .col-inner {\n  padding: 30px 30px 30px 10px;\n  margin: 0px 0px 0px 0px;\n}\n<\/style>\n\t<\/div>\n\n\t\n\n\t<div id=\"col-691882265\" class=\"col medium-7 small-12 large-7\"  >\n\t\t\t\t<div class=\"col-inner\"  >\n\t\t\t\n\t\t\t\n\n\t<div class=\"img has-hover x md-x lg-x y md-y lg-y\" id=\"image_1713199243\">\n\t\t\t\t\t\t\t\t<div class=\"img-inner image-cover box-shadow-2 dark\" style=\"padding-top:75%;\">\n\t\t\t<img loading=\"lazy\" decoding=\"async\" width=\"1440\" height=\"940\" src=\"https:\/\/proteh.md\/wp-content\/uploads\/2023\/03\/agreena1.jpg\" class=\"attachment-original size-original\" alt=\"\" srcset=\"https:\/\/proteh.md\/wp-content\/uploads\/2023\/03\/agreena1.jpg 1440w, https:\/\/proteh.md\/wp-content\/uploads\/2023\/03\/agreena1-613x400.jpg 613w, https:\/\/proteh.md\/wp-content\/uploads\/2023\/03\/agreena1-1226x800.jpg 1226w, https:\/\/proteh.md\/wp-content\/uploads\/2023\/03\/agreena1-768x501.jpg 768w\" sizes=\"(max-width: 1440px) 100vw, 1440px\" \/>\t\t\t\t\t\t\n\t\t\t\t\t<\/div>\n\t\t\t\t\t\t\t\t\n<style>\n#image_1713199243 {\n  width: 100%;\n}\n<\/style>\n\t<\/div>\n\t\n\n\n\t\t<\/div>\n\t\t\t\t\t<\/div>\n\n\t\n\n<\/div>\n\n\t\t<\/div>\n\n\t\t\n<style>\n#section_113572929 {\n  padding-top: 60px;\n  padding-bottom: 60px;\n}\n<\/style>\n\t<\/section>\n\t\n<div class=\"is-divider divider clearfix\" style=\"max-width:1270px;\"><\/div>\n\n<span class=\"scroll-to\" data-label=\"Scroll to: #biofertilizanti\" data-bullet=\"true\" data-link=\"#biofertilizanti\" data-title=\"#biofertilizanti\" ><a name=\"biofertilizanti\"><\/a><\/span>\n\n\t<section class=\"section fertilizanti\" id=\"section_863639281\">\n\t\t<div class=\"bg section-bg fill bg-fill  bg-loaded\" >\n\n\t\t\t\n\t\t\t\n\t\t\t\n\n\t\t<\/div>\n\n\t\t\n\n\t\t<div class=\"section-content relative\">\n\t\t\t\n\n<div class=\"row row-large row-full-width align-middle\"  id=\"row-1204265675\">\n\n\n\t<div id=\"col-1921659684\" class=\"col medium-7 small-12 large-7\"  >\n\t\t\t\t<div class=\"col-inner\"  >\n\t\t\t\n\t\t\t\n\n\t<div class=\"img has-hover x md-x lg-x y md-y lg-y\" id=\"image_481765222\">\n\t\t\t\t\t\t\t\t<div class=\"img-inner image-cover box-shadow-2 dark\" style=\"padding-top:75%;\">\n\t\t\t<img loading=\"lazy\" decoding=\"async\" width=\"1440\" height=\"940\" src=\"https:\/\/proteh.md\/wp-content\/uploads\/2023\/03\/bioenergy.jpg\" class=\"attachment-original size-original\" alt=\"\" srcset=\"https:\/\/proteh.md\/wp-content\/uploads\/2023\/03\/bioenergy.jpg 1440w, https:\/\/proteh.md\/wp-content\/uploads\/2023\/03\/bioenergy-613x400.jpg 613w, https:\/\/proteh.md\/wp-content\/uploads\/2023\/03\/bioenergy-1226x800.jpg 1226w, https:\/\/proteh.md\/wp-content\/uploads\/2023\/03\/bioenergy-768x501.jpg 768w\" sizes=\"(max-width: 1440px) 100vw, 1440px\" \/>\t\t\t\t\t\t\n\t\t\t\t\t<\/div>\n\t\t\t\t\t\t\t\t\n<style>\n#image_481765222 {\n  width: 100%;\n}\n<\/style>\n\t<\/div>\n\t\n\n\n\t\t<\/div>\n\t\t\t\t\t<\/div>\n\n\t\n\n\t<div id=\"col-262296554\" class=\"col medium-5 small-12 large-5\"  >\n\t\t\t\t<div class=\"col-inner text-left\"  >\n\t\t\t\n\t\t\t\n\n\t<div id=\"text-545985579\" class=\"text\">\n\t\t\n\n<h2><strong>Fertilizan\u021bi Bio<\/strong><\/h2>\n<p>\u0218tim cu to\u021bii c\u0103 aportul de nutrien\u021bi plantele \u00eel primesc \u00een urma simbiozei cu microorganismele (bacterii \u0219i ciuperci) benefice din sol.&nbsp;Astfel, bacteriile \u0219i ciupercile benefice, pe l\u00eeng\u0103 aportul de nutrien\u021bi ofer\u0103 \u0219i protec\u021bia plantelor \u00eempotriva patogenilor.<\/p>\n<p>Compania noast\u0103 este partenerul oficial al celui mai mare produc\u0103tor de fertilizan\u021bi biologici din Europa \u2013 BioEnergy, LT (Lituania). Acest fapt ne permite s\u0103 avem cei mai eficien\u021bi fertilizan\u021bi bio \u0219i biostimulatori pentru plante.<\/p>\n\t\t\n<style>\n#text-545985579 {\n  font-size: 0.75rem;\n  color: rgb(6, 33, 51);\n}\n#text-545985579 > * {\n  color: rgb(6, 33, 51);\n}\n@media (min-width:550px) {\n  #text-545985579 {\n    font-size: 0.95rem;\n  }\n}\n<\/style>\n\t<\/div>\n\t\n<a rel=\"noopener noreferrer\" href=\"https:\/\/www.bioenergy.lt\/en\/\" target=\"_blank\" class=\"button primary is-outline lowercase\"  >\n    <span>Afl\u0103 mai mult<\/span>\n  <i class=\"icon-angle-right\" aria-hidden=\"true\" ><\/i><\/a>\n\n\n\n\t\t<\/div>\n\t\t\t\t\n<style>\n#col-262296554 > .col-inner {\n  padding: 30px 30px 30px 10px;\n  margin: 0px 0px 0px 0px;\n}\n<\/style>\n\t<\/div>\n\n\t\n\n<\/div>\n\n\t\t<\/div>\n\n\t\t\n<style>\n#section_863639281 {\n  padding-top: 60px;\n  padding-bottom: 60px;\n}\n<\/style>\n\t<\/section>\n\t\n<div class=\"is-divider divider clearfix\" style=\"max-width:1270px;\"><\/div>\n\n<span class=\"scroll-to\" data-label=\"Scroll to: #suport\" data-bullet=\"true\" data-link=\"#suport\" data-title=\"#suport\" ><a name=\"suport\"><\/a><\/span>\n\n\t<section class=\"section #consultanta\" id=\"section_780178746\">\n\t\t<div class=\"bg section-bg fill bg-fill  bg-loaded\" >\n\n\t\t\t\n\t\t\t\n\t\t\t\n\n\t\t<\/div>\n\n\t\t\n\n\t\t<div class=\"section-content relative\">\n\t\t\t\n\n<div class=\"row row-large row-full-width align-middle\"  id=\"row-636250654\">\n\n\n\t<div id=\"col-254335995\" class=\"col medium-5 small-12 large-5\"  >\n\t\t\t\t<div class=\"col-inner text-left\"  >\n\t\t\t\n\t\t\t\n\n\t<div id=\"text-398235539\" class=\"text\">\n\t\t\n\n<h2><strong>Consultan\u021b\u0103<\/strong><\/h2>\n<p>Av\u00e2nd o echip\u0103 cu experien\u021b\u0103 bogat\u0103 \u00een implementarea practic\u0103 a Agriculturii Conservative V\u0103 suntem mereu la dispozi\u021bia Dumneavoastr\u0103.<\/p>\n<p>Oferim consultan\u021b\u0103 \u00een alegerea utilajului pentru Agricultura Conservativ\u0103 (sem\u0103n\u0103tori, hedere, \u0219.a.), formarea asolamentului, aplicarea culturilor de acoperire \u0219.a.<\/p>\n\t\t\n<style>\n#text-398235539 {\n  font-size: 0.75rem;\n  color: rgb(6, 33, 51);\n}\n#text-398235539 > * {\n  color: rgb(6, 33, 51);\n}\n@media (min-width:550px) {\n  #text-398235539 {\n    font-size: 0.95rem;\n  }\n}\n<\/style>\n\t<\/div>\n\t\n\n\t\t<\/div>\n\t\t\t\t\n<style>\n#col-254335995 > .col-inner {\n  padding: 30px 30px 30px 10px;\n  margin: 0px 0px 0px 0px;\n}\n<\/style>\n\t<\/div>\n\n\t\n\n\t<div id=\"col-454873499\" class=\"col medium-7 small-12 large-7\"  >\n\t\t\t\t<div class=\"col-inner\"  >\n\t\t\t\n\t\t\t\n\n\t<div class=\"img has-hover x md-x lg-x y md-y lg-y\" id=\"image_894481521\">\n\t\t\t\t\t\t\t\t<div class=\"img-inner image-cover box-shadow-2 dark\" style=\"padding-top:75%;\">\n\t\t\t<img loading=\"lazy\" decoding=\"async\" width=\"900\" height=\"506\" src=\"https:\/\/proteh.md\/wp-content\/uploads\/2023\/02\/viber_image_2023-02-21_09-53-25-418.jpg\" class=\"attachment-original size-original\" alt=\"\" srcset=\"https:\/\/proteh.md\/wp-content\/uploads\/2023\/02\/viber_image_2023-02-21_09-53-25-418.jpg 900w, https:\/\/proteh.md\/wp-content\/uploads\/2023\/02\/viber_image_2023-02-21_09-53-25-418-711x400.jpg 711w, https:\/\/proteh.md\/wp-content\/uploads\/2023\/02\/viber_image_2023-02-21_09-53-25-418-768x432.jpg 768w\" sizes=\"(max-width: 900px) 100vw, 900px\" \/>\t\t\t\t\t\t\n\t\t\t\t\t<\/div>\n\t\t\t\t\t\t\t\t\n<style>\n#image_894481521 {\n  width: 100%;\n}\n<\/style>\n\t<\/div>\n\t\n\n\n\t\t<\/div>\n\t\t\t\t\t<\/div>\n\n\t\n\n<\/div>\n\n\t\t<\/div>\n\n\t\t\n<style>\n#section_780178746 {\n  padding-top: 60px;\n  padding-bottom: 60px;\n}\n<\/style>\n\t<\/section>\n\t\n<div class=\"is-divider divider clearfix\" style=\"max-width:1270px;\"><\/div>\n\n<span class=\"scroll-to\" data-label=\"Scroll to: #blog\" data-bullet=\"true\" data-link=\"#blog\" data-title=\"#blog\" ><a name=\"blog\"><\/a><\/span>\n\n\t<section class=\"section blog\" id=\"section_677343311\">\n\t\t<div class=\"bg section-bg fill bg-fill  bg-loaded\" >\n\n\t\t\t\n\t\t\t<div class=\"section-bg-overlay absolute fill\"><\/div>\n\t\t\t\n\n\t\t<\/div>\n\n\t\t\n\n\t\t<div class=\"section-content relative\">\n\t\t\t\n\n<div class=\"row row-large row-full-width align-center\"  id=\"row-1532391718\">\n\n\n\t<div id=\"col-1038092523\" class=\"col small-12 large-12\"  >\n\t\t\t\t<div class=\"col-inner\"  >\n\t\t\t\n\t\t\t\n\n\n  \n    <div class=\"row large-columns-2 medium-columns- small-columns-1 row-full-width has-shadow row-box-shadow-1\" >\n  <div class=\"col post-item\" >\n\t\t\t<div class=\"col-inner\">\n\t\t\t\t<div class=\"box box-vertical box-text-bottom box-blog-post has-hover\">\n            \t\t\t\t\t<div class=\"box-image\" style=\"width:40%;\">\n  \t\t\t\t\t\t<div class=\"image-cover\" style=\"padding-top:100%;\">\n\t\t\t\t\t\t\t<a href=\"https:\/\/proteh.md\/?p=611\" class=\"plain\" aria-label=\"Marcel G\u00eerlovanu, primul fermier din Moldova care s-a \u00eenscris \u00een programul Agreena: De 3 ani ob\u021binem venituri \u00een plus\">\n\t\t\t\t\t\t\t\t<img loading=\"lazy\" decoding=\"async\" width=\"630\" height=\"400\" src=\"https:\/\/proteh.md\/wp-content\/uploads\/2024\/01\/2024-01-15_11-42-26-min-630x400.jpg\" class=\"attachment-medium size-medium wp-post-image\" alt=\"\" srcset=\"https:\/\/proteh.md\/wp-content\/uploads\/2024\/01\/2024-01-15_11-42-26-min-630x400.jpg 630w, https:\/\/proteh.md\/wp-content\/uploads\/2024\/01\/2024-01-15_11-42-26-min-1260x800.jpg 1260w, https:\/\/proteh.md\/wp-content\/uploads\/2024\/01\/2024-01-15_11-42-26-min-768x488.jpg 768w, https:\/\/proteh.md\/wp-content\/uploads\/2024\/01\/2024-01-15_11-42-26-min-1536x975.jpg 1536w, https:\/\/proteh.md\/wp-content\/uploads\/2024\/01\/2024-01-15_11-42-26-min.jpg 1972w\" sizes=\"(max-width: 630px) 100vw, 630px\" \/>\t\t\t\t\t\t\t<\/a>\n  \t\t\t\t\t\t\t  \t\t\t\t\t\t\t  \t\t\t\t\t\t<\/div>\n  \t\t\t\t\t\t  \t\t\t\t\t<\/div>\n          \t\t\t\t\t<div class=\"box-text text-left\" style=\"background-color:rgb(255, 255, 255);\">\n\t\t\t\t\t<div class=\"box-text-inner blog-post-inner\">\n\n\t\t\t\t\t\n\t\t\t\t\t\t\t\t\t\t<h5 class=\"post-title is-large \">\n\t\t\t\t\t\t<a href=\"https:\/\/proteh.md\/?p=611\" class=\"plain\">Marcel G\u00eerlovanu, primul fermier din Moldova care s-a \u00eenscris \u00een programul Agreena: De 3 ani ob\u021binem venituri \u00een plus<\/a>\n\t\t\t\t\t<\/h5>\n\t\t\t\t\t\t\t\t\t\t<div class=\"is-divider\"><\/div>\n\t\t\t\t\t\t\t\t\t\t<p class=\"from_the_blog_excerpt \">Acum peste 5 ani, Marcel G\u00eerlovanu, fermier din nordul \u021b\u0103rii, a \u00eenceput a analiza practici [...]\t\t\t\t\t<\/p>\n\t\t\t\t\t                    \n\t\t\t\t\t\t\t\t\t\t\t<a href=\"https:\/\/proteh.md\/?p=611\" class=\"button  is-outline is-smaller mb-0\">\n\t\t\t\t\t\t\tAfl\u0103 mai mult\t\t\t\t\t\t<\/a>\n\t\t\t\t\t\n\t\t\t\t\t\n\t\t\t\t\t<\/div>\n\t\t\t\t\t<\/div>\n\t\t\t\t\t\t\t\t\t\t\t\t\t\t\t\t<div class=\"badge absolute top post-date badge-outline\">\n\t\t\t\t\t\t\t<div class=\"badge-inner\">\n\t\t\t\t\t\t\t\t<span class=\"post-date-day\">15<\/span><br>\n\t\t\t\t\t\t\t\t<span class=\"post-date-month is-xsmall\">Jan<\/span>\n\t\t\t\t\t\t\t<\/div>\n\t\t\t\t\t\t<\/div>\n\t\t\t\t\t\t\t\t\t<\/div>\n\t\t\t<\/div>\n\t\t<\/div><div class=\"col post-item\" >\n\t\t\t<div class=\"col-inner\">\n\t\t\t\t<div class=\"box box-vertical box-text-bottom box-blog-post has-hover\">\n            \t\t\t\t\t<div class=\"box-image\" style=\"width:40%;\">\n  \t\t\t\t\t\t<div class=\"image-cover\" style=\"padding-top:100%;\">\n\t\t\t\t\t\t\t<a href=\"https:\/\/proteh.md\/?p=478\" class=\"plain\" aria-label=\"Agreena ob\u021bine 46 mln euro pentru a impulsiona agricultura regenerativ\u0103 \u0219i a se extinde \u00een Republica Moldova\">\n\t\t\t\t\t\t\t\t<img loading=\"lazy\" decoding=\"async\" width=\"711\" height=\"400\" src=\"https:\/\/proteh.md\/wp-content\/uploads\/2023\/04\/Agreena-2-711x400.png\" class=\"attachment-medium size-medium wp-post-image\" alt=\"\" srcset=\"https:\/\/proteh.md\/wp-content\/uploads\/2023\/04\/Agreena-2-711x400.png 711w, https:\/\/proteh.md\/wp-content\/uploads\/2023\/04\/Agreena-2-768x432.png 768w, https:\/\/proteh.md\/wp-content\/uploads\/2023\/04\/Agreena-2.png 1280w\" sizes=\"(max-width: 711px) 100vw, 711px\" \/>\t\t\t\t\t\t\t<\/a>\n  \t\t\t\t\t\t\t  \t\t\t\t\t\t\t  \t\t\t\t\t\t<\/div>\n  \t\t\t\t\t\t  \t\t\t\t\t<\/div>\n          \t\t\t\t\t<div class=\"box-text text-left\" style=\"background-color:rgb(255, 255, 255);\">\n\t\t\t\t\t<div class=\"box-text-inner blog-post-inner\">\n\n\t\t\t\t\t\n\t\t\t\t\t\t\t\t\t\t<h5 class=\"post-title is-large \">\n\t\t\t\t\t\t<a href=\"https:\/\/proteh.md\/?p=478\" class=\"plain\">Agreena ob\u021bine 46 mln euro pentru a impulsiona agricultura regenerativ\u0103 \u0219i a se extinde \u00een Republica Moldova<\/a>\n\t\t\t\t\t<\/h5>\n\t\t\t\t\t\t\t\t\t\t<div class=\"is-divider\"><\/div>\n\t\t\t\t\t\t\t\t\t\t<p class=\"from_the_blog_excerpt \">Agreena, compania concentrat\u0103 pe impactul climatic \u0219i tehnologie financiar\u0103 cu cea mai mare platform\u0103 de [...]\t\t\t\t\t<\/p>\n\t\t\t\t\t                    \n\t\t\t\t\t\t\t\t\t\t\t<a href=\"https:\/\/proteh.md\/?p=478\" class=\"button  is-outline is-smaller mb-0\">\n\t\t\t\t\t\t\tAfl\u0103 mai mult\t\t\t\t\t\t<\/a>\n\t\t\t\t\t\n\t\t\t\t\t\n\t\t\t\t\t<\/div>\n\t\t\t\t\t<\/div>\n\t\t\t\t\t\t\t\t\t\t\t\t\t\t\t\t<div class=\"badge absolute top post-date badge-outline\">\n\t\t\t\t\t\t\t<div class=\"badge-inner\">\n\t\t\t\t\t\t\t\t<span class=\"post-date-day\">03<\/span><br>\n\t\t\t\t\t\t\t\t<span class=\"post-date-month is-xsmall\">Apr<\/span>\n\t\t\t\t\t\t\t<\/div>\n\t\t\t\t\t\t<\/div>\n\t\t\t\t\t\t\t\t\t<\/div>\n\t\t\t<\/div>\n\t\t<\/div><\/div>\n\n\n\t\t<\/div>\n\t\t\t\t\t<\/div>\n\n\t\n\n<\/div>\n\n\t\t<\/div>\n\n\t\t\n<style>\n#section_677343311 {\n  padding-top: 30px;\n  padding-bottom: 30px;\n  min-height: 276px;\n  background-color: rgb(255,255,255);\n}\n#section_677343311 .section-bg-overlay {\n  background-color: rgba(255, 255, 255, 0.85);\n}\n<\/style>\n\t<\/section>\n\t\n\t<section class=\"section le-harta\" id=\"section_384702676\">\n\t\t<div class=\"bg section-bg fill bg-fill  bg-loaded\" >\n\n\t\t\t\n\t\t\t<div class=\"section-bg-overlay absolute fill\"><\/div>\n\t\t\t\n\n\t\t<\/div>\n\n\t\t\n\n\t\t<div class=\"section-content relative\">\n\t\t\t\n\n<span class=\"scroll-to\" data-label=\"Scroll to: #contact\" data-bullet=\"true\" data-link=\"#contact\" data-title=\"#contact\" ><a name=\"contact\"><\/a><\/span>\n\n<div class=\"row row-collapse align-center\"  id=\"row-2069603\">\n\n\n\t<div id=\"col-273900163\" class=\"col medium-6 small-12 large-6\"  >\n\t\t\t\t<div class=\"col-inner text-center\"  >\n\t\t\t\n\t\t\t\n\n<h2>Contacte<\/h2>\n<p>Proteh-Agro SRL<br \/>MD-2012, str. Mihai Eminescu, 72<br \/>or. Chi\u0219in\u0103u, Republica Moldova<\/p>\n<p>proteh@proteh.md<br \/>+373-780-80-909<br\n<\/p>\n<div class=\"social-icons follow-icons\" ><span>Urm\u0103re\u0219te-ne pe<\/span><a href=\"https:\/\/www.facebook.com\/profile.php?id=61573041554422&mibextid=wwXIfr&rdid=YYelp3jAdFshRilQ&share_url=https%3A%2F%2Fwww.facebook.com%2Fshare%2F15wgVS5zqw%2F%3Fmibextid%3DwwXIfr\" target=\"_blank\" rel=\"noopener noreferrer nofollow\" data-label=\"Facebook\" class=\"icon primary button circle facebook tooltip\" title=\"Follow on Facebook\" aria-label=\"Follow on Facebook\" ><i class=\"icon-facebook\" ><\/i><\/a><a href=\"https:\/\/www.instagram.com\/proteh_agro_srl?igsh=MWdlMzducjV3amtnag%3D%3D&utm_source=qr\" target=\"_blank\" rel=\"noopener noreferrer nofollow\" data-label=\"Instagram\" class=\"icon primary button circle instagram tooltip\" title=\"Follow on Instagram\" aria-label=\"Follow on Instagram\" ><i class=\"icon-instagram\" ><\/i><\/a><a href=\"https:\/\/www.tiktok.com\/@proteh.agro.srl?_t=ZM-8v0IJjbbRhP&_r=1\" target=\"_blank\" rel=\"noopener noreferrer nofollow\" data-label=\"TikTok\" class=\"icon primary button circle tiktok tooltip\" title=\"Follow on TikTok\" aria-label=\"Follow on TikTok\" ><i class=\"icon-tiktok\" ><\/i><\/a><\/div>\n\n\n\t\t<\/div>\n\t\t\t\t\n<style>\n#col-273900163 > .col-inner {\n  padding: 20px 0px 0px 0px;\n  margin: 0px 0px 0px 0px;\n}\n<\/style>\n\t<\/div>\n\n\t\n\n\t<div id=\"col-1208461167\" class=\"col large-12\"  >\n\t\t\t\t<div class=\"col-inner\"  >\n\t\t\t\n\t\t\t\n\n\n\n<iframe src=\"https:\/\/www.google.com\/maps\/embed?pb=!1m18!1m12!1m3!1d2719.828438221912!2d28.840770238557603!3d47.023972496954244!2m3!1f0!2f0!3f0!3m2!1i1024!2i768!4f13.1!3m3!1m2!1s0x40c97c3707a675a1%3A0x16776f2ff273eea0!2sStrada%20Mihai%20Eminescu%2072%2C%20Chi%C8%99in%C4%83u%2C%20Moldova!5e0!3m2!1sro!2s!4v1676926224358!5m2!1sro!2s\" width=\"1500\" height=\"300\" style=\"border:0;\" allowfullscreen=\"\" loading=\"lazy\" referrerpolicy=\"no-referrer-when-downgrade\"><\/iframe>\n\n<div class=\"is-divider divider clearfix\" style=\"max-width:0px;height:5px;\"><\/div>\n\n\n\t\t<\/div>\n\t\t\t\t\t<\/div>\n\n\t\n\n<\/div>\n\n\t\t<\/div>\n\n\t\t\n<style>\n#section_384702676 {\n  padding-top: 0px;\n  padding-bottom: 0px;\n  background-color: rgb(112, 112, 112);\n}\n#section_384702676 .section-bg-overlay {\n  background-color: rgba(255, 255, 255, 0.85);\n}\n<\/style>\n\t<\/section>\n\t\n\n","protected":false},"excerpt":{"rendered":"","protected":false},"author":1,"featured_media":5,"parent":62,"menu_order":1,"comment_status":"closed","ping_status":"closed","template":"page-blank.php","meta":{"footnotes":""},"_links":{"self":[{"href":"https:\/\/proteh.md\/index.php?rest_route=\/wp\/v2\/pages\/43"}],"collection":[{"href":"https:\/\/proteh.md\/index.php?rest_route=\/wp\/v2\/pages"}],"about":[{"href":"https:\/\/proteh.md\/index.php?rest_route=\/wp\/v2\/types\/page"}],"author":[{"embeddable":true,"href":"https:\/\/proteh.md\/index.php?rest_route=\/wp\/v2\/users\/1"}],"replies":[{"embeddable":true,"href":"https:\/\/proteh.md\/index.php?rest_route=%2Fwp%2Fv2%2Fcomments&post=43"}],"version-history":[{"count":178,"href":"https:\/\/proteh.md\/index.php?rest_route=\/wp\/v2\/pages\/43\/revisions"}],"predecessor-version":[{"id":623,"href":"https:\/\/proteh.md\/index.php?rest_route=\/wp\/v2\/pages\/43\/revisions\/623"}],"up":[{"embeddable":true,"href":"https:\/\/proteh.md\/index.php?rest_route=\/wp\/v2\/pages\/62"}],"wp:featuredmedia":[{"embeddable":true,"href":"https:\/\/proteh.md\/index.php?rest_route=\/wp\/v2\/media\/5"}],"wp:attachment":[{"href":"https:\/\/proteh.md\/index.php?rest_route=%2Fwp%2Fv2%2Fmedia&parent=43"}],"curies":[{"name":"wp","href":"https:\/\/api.w.org\/{rel}","templated":true}]}}